{"id":74,"date":"2014-09-29T21:59:26","date_gmt":"2014-09-29T21:59:26","guid":{"rendered":"http:\/\/www.geonuts.cl\/?page_id=74"},"modified":"2018-07-23T16:49:52","modified_gmt":"2018-07-23T16:49:52","slug":"nueces-sin-cascara-a-granel","status":"publish","type":"page","link":"http:\/\/www.geonuts.cl?page_id=74","title":{"rendered":"Sin c\u00e1scara a granel"},"content":{"rendered":"<p>Nueces sin c\u00e1scara en cajas de 10 kilos. Cada caja contiene 2 bolsas con 5 kilos cada una, selladas en atm\u00f3sfera modificada.<\/p>\n","protected":false},"excerpt":{"rendered":"<p>Nueces sin c\u00e1scara en cajas de 10 kilos. Cada caja contiene 2 bolsas con 5 kilos cada una, selladas en atm\u00f3sfera modificada.<\/p>\n","protected":false},"author":1,"featured_media":0,"parent":23,"menu_order":2,"comment_status":"open","ping_status":"closed","template":"template-productos-organicas.php","meta":[],"_links":{"self":[{"href":"http:\/\/www.geonuts.cl\/index.php?rest_route=\/wp\/v2\/pages\/74"}],"collection":[{"href":"http:\/\/www.geonuts.cl\/index.php?rest_route=\/wp\/v2\/pages"}],"about":[{"href":"http:\/\/www.geonuts.cl\/index.php?rest_route=\/wp\/v2\/types\/page"}],"author":[{"embeddable":true,"href":"http:\/\/www.geonuts.cl\/index.php?rest_route=\/wp\/v2\/users\/1"}],"replies":[{"embeddable":true,"href":"http:\/\/www.geonuts.cl\/index.php?rest_route=%2Fwp%2Fv2%2Fcomments&post=74"}],"version-history":[{"count":36,"href":"http:\/\/www.geonuts.cl\/index.php?rest_route=\/wp\/v2\/pages\/74\/revisions"}],"predecessor-version":[{"id":1607,"href":"http:\/\/www.geonuts.cl\/index.php?rest_route=\/wp\/v2\/pages\/74\/revisions\/1607"}],"up":[{"embeddable":true,"href":"http:\/\/www.geonuts.cl\/index.php?rest_route=\/wp\/v2\/pages\/23"}],"wp:attachment":[{"href":"http:\/\/www.geonuts.cl\/index.php?rest_route=%2Fwp%2Fv2%2Fmedia&parent=74"}],"curies":[{"name":"wp","href":"https:\/\/api.w.org\/{rel}","templated":true}]}}